{"id":15,"date":"2019-09-23T11:21:46","date_gmt":"2019-09-23T09:21:46","guid":{"rendered":"https:\/\/sctf-events.de\/mb-halbmarathon\/?page_id=15"},"modified":"2022-02-03T12:25:34","modified_gmt":"2022-02-03T11:25:34","slug":"partner","status":"publish","type":"page","link":"https:\/\/sctf-events.de\/halbmarathon\/partner\/","title":{"rendered":"Partner"},"content":{"rendered":"<p><div class=\"fusion-fullwidth fullwidth-box fusion-builder-row-1 nonhundred-percent-fullwidth non-hundred-percent-height-scrolling\" style=\"--awb-border-radius-top-left:0px;--awb-border-radius-top-right:0px;--awb-border-radius-bottom-right:0px;--awb-border-radius-bottom-left:0px;--awb-flex-wrap:wrap;\" ><div class=\"fusion-builder-row fusion-row\"><div class=\"fusion-layout-column fusion_builder_column fusion-builder-column-0 fusion_builder_column_1_1 1_1 fusion-one-full fusion-column-first fusion-column-last\" style=\"--awb-bg-size:cover;\"><div class=\"fusion-column-wrapper fusion-column-has-shadow fusion-flex-column-wrapper-legacy\"><div class=\"fusion-text fusion-text-1\"><p>Da wir bem\u00fcht sind die Startgeb\u00fchren moderat zu halten um jedermann eine Teilnahme zu erm\u00f6glichen, sind wir auf die Unterst\u00fctzung von Sponsoren und Partnern angewiesen. Um die bestm\u00f6glichen Ergebnisse zu erzielen, setzen wir bei unseren Partnerschaften auf eine\u00a0 individuelle und langfristige Zusammenarbeit.<\/p>\n<p>Wenn auch Sie uns unterst\u00fctzen wollen, k\u00f6nnen Sie uns \u00fcber\u00a0<strong><span id=\"cloak846702a61bac73b93cf4cf6580c33000\">sponsoring[at]halbmarathon-reinickendorf[punkt]de<\/span><\/strong>\u00a0erreichen.<\/p>\n<\/div><div class=\"fusion-clearfix\"><\/div><\/div><\/div><\/div><\/div><div class=\"fusion-fullwidth fullwidth-box fusion-builder-row-2 nonhundred-percent-fullwidth non-hundred-percent-height-scrolling\" style=\"--awb-border-radius-top-left:0px;--awb-border-radius-top-right:0px;--awb-border-radius-bottom-right:0px;--awb-border-radius-bottom-left:0px;--awb-background-color:rgba(255,255,255,0);--awb-flex-wrap:wrap;\" ><div class=\"fusion-builder-row fusion-row\"><div class=\"fusion-layout-column fusion_builder_column fusion-builder-column-1 fusion_builder_column_1_1 1_1 fusion-one-full fusion-column-first fusion-column-last\" style=\"--awb-bg-color:rgba(255,255,255,0);--awb-bg-color-hover:rgba(255,255,255,0);--awb-bg-size:cover;\"><div class=\"fusion-column-wrapper fusion-column-has-shadow fusion-flex-column-wrapper-legacy\"><div class=\"fusion-column-content-centered\"><div class=\"fusion-column-content\"><div class=\"fusion-title title fusion-title-1 fusion-title-center fusion-title-text fusion-title-size-two\" style=\"--awb-margin-top-small:0px;--awb-margin-right-small:0px;--awb-margin-bottom-small:20px;--awb-margin-left-small:0px;\"><div class=\"title-sep-container title-sep-container-left\"><div class=\"title-sep sep- sep-solid\" style=\"border-color:#e0dede;\"><\/div><\/div><span class=\"awb-title-spacer\"><\/span><h2 class=\"fusion-title-heading title-heading-center fusion-responsive-typography-calculated\" style=\"margin:0;--fontSize:18;--minFontSize:18;line-height:1.5;\"><p style=\"text-align: center;\">Partner &amp; Sponsoren<\/p><\/h2><span class=\"awb-title-spacer\"><\/span><div class=\"title-sep-container title-sep-container-right\"><div class=\"title-sep sep- sep-solid\" style=\"border-color:#e0dede;\"><\/div><\/div><\/div><div class=\"fusion-sep-clear\"><\/div><div class=\"fusion-separator fusion-full-width-sep\" style=\"margin-left: auto;margin-right: auto;margin-top:20px;width:100%;\"><\/div><div class=\"fusion-sep-clear\"><\/div><div class=\"fusion-builder-row fusion-builder-row-inner fusion-row\"><div class=\"fusion-layout-column fusion_builder_column_inner fusion-builder-nested-column-0 fusion_builder_column_inner_1_3 1_3 fusion-one-third fusion-column-first\" style=\"--awb-bg-size:cover;width:33.333333333333%;width:calc(33.333333333333% - ( ( 4% + 4% ) * 0.33333333333333 ) );margin-right: 4%;\"><div class=\"fusion-column-wrapper fusion-column-has-shadow fusion-flex-column-wrapper-legacy\"><div class=\"fusion-image-element fusion-image-align-center in-legacy-container\" style=\"text-align:center;--awb-caption-title-font-family:var(--h2_typography-font-family);--awb-caption-title-font-weight:var(--h2_typography-font-weight);--awb-caption-title-font-style:var(--h2_typography-font-style);--awb-caption-title-size:var(--h2_typography-font-size);--awb-caption-title-transform:var(--h2_typography-text-transform);--awb-caption-title-line-height:var(--h2_typography-line-height);--awb-caption-title-letter-spacing:var(--h2_typography-letter-spacing);\"><div class=\"imageframe-align-center\"><span class=\" fusion-imageframe imageframe-none imageframe-1 hover-type-none\" style=\"border-radius:5px;\"><img decoding=\"async\" width=\"300\" height=\"108\" title=\"Berzirksamt Reinickendorf\" src=\"https:\/\/sctf-events.de\/halbmarathon\/wp-content\/uploads\/2021\/05\/Berzirksamt-Reinickendorf.png\" data-orig-src=\"https:\/\/halbmarathon-reinickendorf.de\/wp-content\/uploads\/2021\/05\/Berzirksamt-Reinickendorf-300x108.png\" alt class=\"lazyload img-responsive wp-image-1534\" srcset=\"data:image\/svg+xml,%3Csvg%20xmlns%3D%27http%3A%2F%2Fwww.w3.org%2F2000%2Fsvg%27%20width%3D%27789%27%20height%3D%27283%27%20viewBox%3D%270%200%20789%20283%27%3E%3Crect%20width%3D%27789%27%20height%3D%27283%27%20fill-opacity%3D%220%22%2F%3E%3C%2Fsvg%3E\" data-srcset=\"https:\/\/sctf-events.de\/halbmarathon\/wp-content\/uploads\/2021\/05\/Berzirksamt-Reinickendorf-200x72.png 200w, https:\/\/sctf-events.de\/halbmarathon\/wp-content\/uploads\/2021\/05\/Berzirksamt-Reinickendorf-400x143.png 400w, https:\/\/sctf-events.de\/halbmarathon\/wp-content\/uploads\/2021\/05\/Berzirksamt-Reinickendorf-600x215.png 600w, https:\/\/sctf-events.de\/halbmarathon\/wp-content\/uploads\/2021\/05\/Berzirksamt-Reinickendorf.png 789w\" data-sizes=\"auto\" data-orig-sizes=\"(max-width: 800px) 100vw, 400px\" \/><\/span><\/div><\/div><div class=\"fusion-clearfix\"><\/div><\/div><\/div><div class=\"fusion-layout-column fusion_builder_column_inner fusion-builder-nested-column-1 fusion_builder_column_inner_1_3 1_3 fusion-one-third\" style=\"--awb-bg-size:cover;width:33.333333333333%;width:calc(33.333333333333% - ( ( 4% + 4% ) * 0.33333333333333 ) );margin-right: 4%;\"><div class=\"fusion-column-wrapper fusion-column-has-shadow fusion-flex-column-wrapper-legacy\"><div class=\"fusion-image-element fusion-image-align-center in-legacy-container\" style=\"text-align:center;--awb-caption-title-font-family:var(--h2_typography-font-family);--awb-caption-title-font-weight:var(--h2_typography-font-weight);--awb-caption-title-font-style:var(--h2_typography-font-style);--awb-caption-title-size:var(--h2_typography-font-size);--awb-caption-title-transform:var(--h2_typography-text-transform);--awb-caption-title-line-height:var(--h2_typography-line-height);--awb-caption-title-letter-spacing:var(--h2_typography-letter-spacing);\"><div class=\"imageframe-align-center\"><span class=\" fusion-imageframe imageframe-none imageframe-2 hover-type-none\" style=\"border-radius:5px;\"><a class=\"fusion-no-lightbox\" href=\"https:\/\/www.artiva-sports.com\/\" target=\"_blank\" aria-label=\"artiva Logo\" rel=\"noopener noreferrer\"><img decoding=\"async\" width=\"264\" height=\"100\" src=\"https:\/\/sctf-events.de\/halbmarathon\/wp-content\/uploads\/2021\/06\/artiva-Logo-7.png\" data-orig-src=\"https:\/\/halbmarathon-reinickendorf.de\/wp-content\/uploads\/2021\/06\/artiva-Logo-7.png\" alt class=\"lazyload img-responsive wp-image-1560\" srcset=\"data:image\/svg+xml,%3Csvg%20xmlns%3D%27http%3A%2F%2Fwww.w3.org%2F2000%2Fsvg%27%20width%3D%27264%27%20height%3D%27100%27%20viewBox%3D%270%200%20264%20100%27%3E%3Crect%20width%3D%27264%27%20height%3D%27100%27%20fill-opacity%3D%220%22%2F%3E%3C%2Fsvg%3E\" data-srcset=\"https:\/\/sctf-events.de\/halbmarathon\/wp-content\/uploads\/2021\/06\/artiva-Logo-7-200x76.png 200w, https:\/\/sctf-events.de\/halbmarathon\/wp-content\/uploads\/2021\/06\/artiva-Logo-7.png 264w\" data-sizes=\"auto\" data-orig-sizes=\"(max-width: 800px) 100vw, 264px\" \/><\/a><\/span><\/div><\/div><div class=\"fusion-clearfix\"><\/div><\/div><\/div><div class=\"fusion-layout-column fusion_builder_column_inner fusion-builder-nested-column-2 fusion_builder_column_inner_1_3 1_3 fusion-one-third fusion-column-last\" style=\"--awb-bg-size:cover;width:33.333333333333%;width:calc(33.333333333333% - ( ( 4% + 4% ) * 0.33333333333333 ) );\"><div class=\"fusion-column-wrapper fusion-column-has-shadow fusion-flex-column-wrapper-legacy\"><div class=\"fusion-image-element fusion-image-align-center in-legacy-container\" style=\"text-align:center;--awb-caption-title-font-family:var(--h2_typography-font-family);--awb-caption-title-font-weight:var(--h2_typography-font-weight);--awb-caption-title-font-style:var(--h2_typography-font-style);--awb-caption-title-size:var(--h2_typography-font-size);--awb-caption-title-transform:var(--h2_typography-text-transform);--awb-caption-title-line-height:var(--h2_typography-line-height);--awb-caption-title-letter-spacing:var(--h2_typography-letter-spacing);\"><div class=\"imageframe-align-center\"><span class=\" fusion-imageframe imageframe-none imageframe-3 hover-type-none\" style=\"border-radius:5px;\"><img decoding=\"async\" width=\"264\" height=\"119\" title=\"Erdingerblau\" src=\"https:\/\/sctf-events.de\/halbmarathon\/wp-content\/uploads\/2020\/01\/Erdingerblau.jpg\" data-orig-src=\"https:\/\/halbmarathon-reinickendorf.de\/wp-content\/uploads\/2020\/01\/Erdingerblau.jpg\" alt class=\"lazyload img-responsive wp-image-276\" srcset=\"data:image\/svg+xml,%3Csvg%20xmlns%3D%27http%3A%2F%2Fwww.w3.org%2F2000%2Fsvg%27%20width%3D%27264%27%20height%3D%27119%27%20viewBox%3D%270%200%20264%20119%27%3E%3Crect%20width%3D%27264%27%20height%3D%27119%27%20fill-opacity%3D%220%22%2F%3E%3C%2Fsvg%3E\" data-srcset=\"https:\/\/sctf-events.de\/halbmarathon\/wp-content\/uploads\/2020\/01\/Erdingerblau-200x90.jpg 200w, https:\/\/sctf-events.de\/halbmarathon\/wp-content\/uploads\/2020\/01\/Erdingerblau.jpg 264w\" data-sizes=\"auto\" data-orig-sizes=\"(max-width: 800px) 100vw, 264px\" \/><\/span><\/div><\/div><div class=\"fusion-clearfix\"><\/div><\/div><\/div><\/div><div class=\"fusion-builder-row fusion-builder-row-inner fusion-row\"><div class=\"fusion-layout-column fusion_builder_column_inner fusion-builder-nested-column-3 fusion_builder_column_inner_1_3 1_3 fusion-one-third fusion-column-first\" style=\"--awb-bg-size:cover;width:33.333333333333%;width:calc(33.333333333333% - ( ( 4% + 4% ) * 0.33333333333333 ) );margin-right: 4%;\"><div class=\"fusion-column-wrapper fusion-column-has-shadow fusion-flex-column-wrapper-legacy\"><div class=\"fusion-image-element fusion-image-align-center in-legacy-container\" style=\"text-align:center;--awb-caption-title-font-family:var(--h2_typography-font-family);--awb-caption-title-font-weight:var(--h2_typography-font-weight);--awb-caption-title-font-style:var(--h2_typography-font-style);--awb-caption-title-size:var(--h2_typography-font-size);--awb-caption-title-transform:var(--h2_typography-text-transform);--awb-caption-title-line-height:var(--h2_typography-line-height);--awb-caption-title-letter-spacing:var(--h2_typography-letter-spacing);\"><div class=\"imageframe-align-center\"><span class=\" fusion-imageframe imageframe-none imageframe-4 hover-type-none\" style=\"border-radius:5px;\"><a class=\"fusion-no-lightbox\" href=\"https:\/\/www.lang-und-lauf.de\/\" target=\"_blank\" aria-label=\"PUMA-RUN_Logo_Circle_Black\" rel=\"noopener noreferrer\"><img decoding=\"async\" width=\"200\" height=\"188\" alt=\"Puma RUN Logo\" src=\"https:\/\/sctf-events.de\/halbmarathon\/wp-content\/uploads\/2021\/12\/PUMA-RUN_Logo_Circle_Black-1-e1639657293448.png\" data-orig-src=\"https:\/\/halbmarathon-reinickendorf.de\/wp-content\/uploads\/2021\/12\/PUMA-RUN_Logo_Circle_Black-1-e1639657293448-200x188.png\" class=\"lazyload img-responsive wp-image-1935\" srcset=\"data:image\/svg+xml,%3Csvg%20xmlns%3D%27http%3A%2F%2Fwww.w3.org%2F2000%2Fsvg%27%20width%3D%27476%27%20height%3D%27448%27%20viewBox%3D%270%200%20476%20448%27%3E%3Crect%20width%3D%27476%27%20height%3D%27448%27%20fill-opacity%3D%220%22%2F%3E%3C%2Fsvg%3E\" data-srcset=\"https:\/\/sctf-events.de\/halbmarathon\/wp-content\/uploads\/2021\/12\/PUMA-RUN_Logo_Circle_Black-1-e1639657293448-200x188.png 200w, https:\/\/sctf-events.de\/halbmarathon\/wp-content\/uploads\/2021\/12\/PUMA-RUN_Logo_Circle_Black-1-e1639657293448-400x376.png 400w, https:\/\/sctf-events.de\/halbmarathon\/wp-content\/uploads\/2021\/12\/PUMA-RUN_Logo_Circle_Black-1-e1639657293448.png 476w\" data-sizes=\"auto\" data-orig-sizes=\"(max-width: 800px) 100vw, 400px\" \/><\/a><\/span><\/div><\/div><div class=\"fusion-clearfix\"><\/div><\/div><\/div><div class=\"fusion-layout-column fusion_builder_column_inner fusion-builder-nested-column-4 fusion_builder_column_inner_1_3 1_3 fusion-one-third\" style=\"--awb-bg-size:cover;width:33.333333333333%;width:calc(33.333333333333% - ( ( 4% + 4% ) * 0.33333333333333 ) );margin-right: 4%;\"><div class=\"fusion-column-wrapper fusion-column-has-shadow fusion-flex-column-wrapper-legacy\"><div class=\"fusion-column-content-centered\"><div class=\"fusion-column-content\"><div class=\"fusion-image-element fusion-image-align-center in-legacy-container\" style=\"text-align:center;--awb-caption-title-font-family:var(--h2_typography-font-family);--awb-caption-title-font-weight:var(--h2_typography-font-weight);--awb-caption-title-font-style:var(--h2_typography-font-style);--awb-caption-title-size:var(--h2_typography-font-size);--awb-caption-title-transform:var(--h2_typography-text-transform);--awb-caption-title-line-height:var(--h2_typography-line-height);--awb-caption-title-letter-spacing:var(--h2_typography-letter-spacing);\"><div class=\"imageframe-align-center\"><span class=\" fusion-imageframe imageframe-none imageframe-5 hover-type-none\" style=\"border-radius:5px;\"><img decoding=\"async\" width=\"264\" height=\"100\" title=\"frei\" src=\"https:\/\/sctf-events.de\/halbmarathon\/wp-content\/uploads\/2020\/01\/frei.jpg\" data-orig-src=\"https:\/\/sctf-events.de\/mb-halbmarathon\/wp-content\/uploads\/2020\/01\/frei.jpg\" alt class=\"lazyload img-responsive wp-image-316\" srcset=\"data:image\/svg+xml,%3Csvg%20xmlns%3D%27http%3A%2F%2Fwww.w3.org%2F2000%2Fsvg%27%20width%3D%27264%27%20height%3D%27100%27%20viewBox%3D%270%200%20264%20100%27%3E%3Crect%20width%3D%27264%27%20height%3D%27100%27%20fill-opacity%3D%220%22%2F%3E%3C%2Fsvg%3E\" data-srcset=\"https:\/\/sctf-events.de\/halbmarathon\/wp-content\/uploads\/2020\/01\/frei-200x76.jpg 200w, https:\/\/sctf-events.de\/halbmarathon\/wp-content\/uploads\/2020\/01\/frei.jpg 264w\" data-sizes=\"auto\" data-orig-sizes=\"(max-width: 800px) 100vw, 264px\" \/><\/span><\/div><\/div><\/div><\/div><div class=\"fusion-clearfix\"><\/div><\/div><\/div><div class=\"fusion-layout-column fusion_builder_column_inner fusion-builder-nested-column-5 fusion_builder_column_inner_1_3 1_3 fusion-one-third fusion-column-last\" style=\"--awb-bg-size:cover;width:33.333333333333%;width:calc(33.333333333333% - ( ( 4% + 4% ) * 0.33333333333333 ) );\"><div class=\"fusion-column-wrapper fusion-column-has-shadow fusion-flex-column-wrapper-legacy\"><div class=\"fusion-column-content-centered\"><div class=\"fusion-column-content\"><div class=\"fusion-image-element fusion-image-align-center in-legacy-container\" style=\"text-align:center;--awb-caption-title-font-family:var(--h2_typography-font-family);--awb-caption-title-font-weight:var(--h2_typography-font-weight);--awb-caption-title-font-style:var(--h2_typography-font-style);--awb-caption-title-size:var(--h2_typography-font-size);--awb-caption-title-transform:var(--h2_typography-text-transform);--awb-caption-title-line-height:var(--h2_typography-line-height);--awb-caption-title-letter-spacing:var(--h2_typography-letter-spacing);\"><div class=\"imageframe-align-center\"><span class=\" fusion-imageframe imageframe-none imageframe-6 hover-type-none\" style=\"border-radius:5px;\"><img decoding=\"async\" width=\"264\" height=\"100\" title=\"frei\" src=\"https:\/\/sctf-events.de\/halbmarathon\/wp-content\/uploads\/2020\/01\/frei.jpg\" data-orig-src=\"https:\/\/sctf-events.de\/mb-halbmarathon\/wp-content\/uploads\/2020\/01\/frei.jpg\" alt class=\"lazyload img-responsive wp-image-316\" srcset=\"data:image\/svg+xml,%3Csvg%20xmlns%3D%27http%3A%2F%2Fwww.w3.org%2F2000%2Fsvg%27%20width%3D%27264%27%20height%3D%27100%27%20viewBox%3D%270%200%20264%20100%27%3E%3Crect%20width%3D%27264%27%20height%3D%27100%27%20fill-opacity%3D%220%22%2F%3E%3C%2Fsvg%3E\" data-srcset=\"https:\/\/sctf-events.de\/halbmarathon\/wp-content\/uploads\/2020\/01\/frei-200x76.jpg 200w, https:\/\/sctf-events.de\/halbmarathon\/wp-content\/uploads\/2020\/01\/frei.jpg 264w\" data-sizes=\"auto\" data-orig-sizes=\"(max-width: 800px) 100vw, 264px\" \/><\/span><\/div><\/div><\/div><\/div><div class=\"fusion-clearfix\"><\/div><\/div><\/div><\/div><\/div><\/div><div class=\"fusion-clearfix\"><\/div><\/div><\/div><\/div><\/div><\/p>\n","protected":false},"excerpt":{"rendered":"","protected":false},"author":8,"featured_media":0,"parent":0,"menu_order":0,"comment_status":"closed","ping_status":"closed","template":"","meta":{"footnotes":""},"class_list":["post-15","page","type-page","status-publish","hentry"],"yoast_head":"<!-- This site is optimized with the Yoast SEO plugin v27.3 - https:\/\/yoast.com\/product\/yoast-seo-wordpress\/ -->\n<title>Partner - Halbmarathon Berlin-Reinickendorf<\/title>\n<meta name=\"robots\" content=\"index, follow, max-snippet:-1, max-image-preview:large, max-video-preview:-1\" \/>\n<link rel=\"canonical\" href=\"https:\/\/sctf-events.de\/halbmarathon\/partner\/\" \/>\n<meta property=\"og:locale\" content=\"de_DE\" \/>\n<meta property=\"og:type\" content=\"article\" \/>\n<meta property=\"og:title\" content=\"Partner - Halbmarathon Berlin-Reinickendorf\" \/>\n<meta property=\"og:url\" content=\"https:\/\/sctf-events.de\/halbmarathon\/partner\/\" \/>\n<meta property=\"og:site_name\" content=\"Halbmarathon Berlin-Reinickendorf\" \/>\n<meta property=\"article:modified_time\" content=\"2022-02-03T11:25:34+00:00\" \/>\n<meta name=\"twitter:card\" content=\"summary_large_image\" \/>\n<meta name=\"twitter:label1\" content=\"Gesch\u00e4tzte Lesezeit\" \/>\n\t<meta name=\"twitter:data1\" content=\"7\u00a0Minuten\" \/>\n<script type=\"application\/ld+json\" class=\"yoast-schema-graph\">{\"@context\":\"https:\\\/\\\/schema.org\",\"@graph\":[{\"@type\":\"WebPage\",\"@id\":\"https:\\\/\\\/sctf-events.de\\\/halbmarathon\\\/partner\\\/\",\"url\":\"https:\\\/\\\/sctf-events.de\\\/halbmarathon\\\/partner\\\/\",\"name\":\"Partner - Halbmarathon Berlin-Reinickendorf\",\"isPartOf\":{\"@id\":\"https:\\\/\\\/sctf-events.de\\\/halbmarathon\\\/#website\"},\"datePublished\":\"2019-09-23T09:21:46+00:00\",\"dateModified\":\"2022-02-03T11:25:34+00:00\",\"breadcrumb\":{\"@id\":\"https:\\\/\\\/sctf-events.de\\\/halbmarathon\\\/partner\\\/#breadcrumb\"},\"inLanguage\":\"de\",\"potentialAction\":[{\"@type\":\"ReadAction\",\"target\":[\"https:\\\/\\\/sctf-events.de\\\/halbmarathon\\\/partner\\\/\"]}]},{\"@type\":\"BreadcrumbList\",\"@id\":\"https:\\\/\\\/sctf-events.de\\\/halbmarathon\\\/partner\\\/#breadcrumb\",\"itemListElement\":[{\"@type\":\"ListItem\",\"position\":1,\"name\":\"Startseite\",\"item\":\"https:\\\/\\\/sctf-events.de\\\/halbmarathon\\\/\"},{\"@type\":\"ListItem\",\"position\":2,\"name\":\"Partner\"}]},{\"@type\":\"WebSite\",\"@id\":\"https:\\\/\\\/sctf-events.de\\\/halbmarathon\\\/#website\",\"url\":\"https:\\\/\\\/sctf-events.de\\\/halbmarathon\\\/\",\"name\":\"Halbmarathon Berlin-Reinickendorf\",\"description\":\"\",\"potentialAction\":[{\"@type\":\"SearchAction\",\"target\":{\"@type\":\"EntryPoint\",\"urlTemplate\":\"https:\\\/\\\/sctf-events.de\\\/halbmarathon\\\/?s={search_term_string}\"},\"query-input\":{\"@type\":\"PropertyValueSpecification\",\"valueRequired\":true,\"valueName\":\"search_term_string\"}}],\"inLanguage\":\"de\"}]}<\/script>\n<!-- \/ Yoast SEO plugin. -->","yoast_head_json":{"title":"Partner - Halbmarathon Berlin-Reinickendorf","robots":{"index":"index","follow":"follow","max-snippet":"max-snippet:-1","max-image-preview":"max-image-preview:large","max-video-preview":"max-video-preview:-1"},"canonical":"https:\/\/sctf-events.de\/halbmarathon\/partner\/","og_locale":"de_DE","og_type":"article","og_title":"Partner - Halbmarathon Berlin-Reinickendorf","og_url":"https:\/\/sctf-events.de\/halbmarathon\/partner\/","og_site_name":"Halbmarathon Berlin-Reinickendorf","article_modified_time":"2022-02-03T11:25:34+00:00","twitter_card":"summary_large_image","twitter_misc":{"Gesch\u00e4tzte Lesezeit":"7\u00a0Minuten"},"schema":{"@context":"https:\/\/schema.org","@graph":[{"@type":"WebPage","@id":"https:\/\/sctf-events.de\/halbmarathon\/partner\/","url":"https:\/\/sctf-events.de\/halbmarathon\/partner\/","name":"Partner - Halbmarathon Berlin-Reinickendorf","isPartOf":{"@id":"https:\/\/sctf-events.de\/halbmarathon\/#website"},"datePublished":"2019-09-23T09:21:46+00:00","dateModified":"2022-02-03T11:25:34+00:00","breadcrumb":{"@id":"https:\/\/sctf-events.de\/halbmarathon\/partner\/#breadcrumb"},"inLanguage":"de","potentialAction":[{"@type":"ReadAction","target":["https:\/\/sctf-events.de\/halbmarathon\/partner\/"]}]},{"@type":"BreadcrumbList","@id":"https:\/\/sctf-events.de\/halbmarathon\/partner\/#breadcrumb","itemListElement":[{"@type":"ListItem","position":1,"name":"Startseite","item":"https:\/\/sctf-events.de\/halbmarathon\/"},{"@type":"ListItem","position":2,"name":"Partner"}]},{"@type":"WebSite","@id":"https:\/\/sctf-events.de\/halbmarathon\/#website","url":"https:\/\/sctf-events.de\/halbmarathon\/","name":"Halbmarathon Berlin-Reinickendorf","description":"","potentialAction":[{"@type":"SearchAction","target":{"@type":"EntryPoint","urlTemplate":"https:\/\/sctf-events.de\/halbmarathon\/?s={search_term_string}"},"query-input":{"@type":"PropertyValueSpecification","valueRequired":true,"valueName":"search_term_string"}}],"inLanguage":"de"}]}},"_links":{"self":[{"href":"https:\/\/sctf-events.de\/halbmarathon\/wp-json\/wp\/v2\/pages\/15","targetHints":{"allow":["GET"]}}],"collection":[{"href":"https:\/\/sctf-events.de\/halbmarathon\/wp-json\/wp\/v2\/pages"}],"about":[{"href":"https:\/\/sctf-events.de\/halbmarathon\/wp-json\/wp\/v2\/types\/page"}],"author":[{"embeddable":true,"href":"https:\/\/sctf-events.de\/halbmarathon\/wp-json\/wp\/v2\/users\/8"}],"replies":[{"embeddable":true,"href":"https:\/\/sctf-events.de\/halbmarathon\/wp-json\/wp\/v2\/comments?post=15"}],"version-history":[{"count":16,"href":"https:\/\/sctf-events.de\/halbmarathon\/wp-json\/wp\/v2\/pages\/15\/revisions"}],"predecessor-version":[{"id":1955,"href":"https:\/\/sctf-events.de\/halbmarathon\/wp-json\/wp\/v2\/pages\/15\/revisions\/1955"}],"wp:attachment":[{"href":"https:\/\/sctf-events.de\/halbmarathon\/wp-json\/wp\/v2\/media?parent=15"}],"curies":[{"name":"wp","href":"https:\/\/api.w.org\/{rel}","templated":true}]}}